{"id":1267,"date":"2018-08-14T06:21:51","date_gmt":"2018-08-14T06:21:51","guid":{"rendered":"http:\/\/gms-griesbach.de\/?page_id=1267"},"modified":"2019-09-09T17:50:02","modified_gmt":"2019-09-09T17:50:02","slug":"schulprofil","status":"publish","type":"page","link":"https:\/\/gms-griesbach.de\/?page_id=1267","title":{"rendered":"Schulprofil"},"content":{"rendered":"<p><div class=\"fusion-fullwidth fullwidth-box fusion-builder-row-1 nonhundred-percent-fullwidth non-hundred-percent-height-scrolling\" style=\"--awb-border-radius-top-left:0px;--awb-border-radius-top-right:0px;--awb-border-radius-bottom-right:0px;--awb-border-radius-bottom-left:0px;\" ><div class=\"fusion-builder-row fusion-row\"><div class=\"fusion-layout-column fusion_builder_column fusion-builder-column-0 fusion_builder_column_1_1 1_1 fusion-one-full fusion-column-first fusion-column-last\" style=\"--awb-padding-top:50px;--awb-bg-size:cover;--awb-margin-bottom:40px;\"><div class=\"fusion-column-wrapper fusion-flex-column-wrapper-legacy\"><div class=\"fusion-text fusion-text-1\"><h1>Daten u. Fakten Schuljahr 2019 \/ 2020<\/h1>\n<\/div><div class=\"fusion-sep-clear\"><\/div><div class=\"fusion-separator fusion-clearfix\" style=\"float:left;margin-top:0px;margin-bottom:35px;width:100%;max-width:170px;\"><div class=\"fusion-separator-border sep-single sep-solid\" style=\"border-color:#6abf16;border-top-width:3px;\"><\/div><\/div><div class=\"fusion-sep-clear\"><\/div><div class=\"fusion-clearfix\"><\/div><\/div><\/div><\/div><\/div><div class=\"fusion-fullwidth fullwidth-box fusion-builder-row-2 nonhundred-percent-fullwidth non-hundred-percent-height-scrolling fusion-equal-height-columns\" style=\"--awb-background-position:left top;--awb-border-radius-top-left:0px;--awb-border-radius-top-right:0px;--awb-border-radius-bottom-right:0px;--awb-border-radius-bottom-left:0px;--awb-background-color:rgba(255,255,255,0.5);--awb-border-sizes-top:0px;--awb-border-sizes-bottom:0px;\" ><div class=\"fusion-builder-row fusion-row\"><div class=\"fusion-layout-column fusion_builder_column fusion-builder-column-1 fusion_builder_column_1_1 1_1 fusion-one-full fusion-column-first fusion-column-last fusion-column-no-min-height\" style=\"--awb-bg-size:cover;--awb-margin-top:0px;--awb-margin-bottom:0px;\"><div class=\"fusion-column-wrapper fusion-flex-column-wrapper-legacy\"><div class=\"fusion-sep-clear\"><\/div><div class=\"fusion-separator fusion-full-width-sep\" style=\"margin-left: auto;margin-right: auto;width:100%;\"><div class=\"fusion-separator-border sep-single sep-solid\" style=\"border-color:#6abf16;border-top-width:5px;\"><\/div><\/div><div class=\"fusion-sep-clear\"><\/div><div class=\"fusion-clearfix\"><\/div><\/div><\/div><div class=\"fusion-layout-column fusion_builder_column fusion-builder-column-2 fusion_builder_column_1_1 1_1 fusion-one-full fusion-column-first fusion-column-last\" style=\"--awb-padding-top:45px;--awb-padding-right:45px;--awb-padding-bottom:45px;--awb-padding-left:45px;--awb-bg-color:#ffffff;--awb-bg-size:cover;--awb-border-color:#e2e2e2;--awb-border-top:1px;--awb-border-right:1px;--awb-border-bottom:1px;--awb-border-left:1px;--awb-border-style:solid;--awb-margin-bottom:40px;\"><div class=\"fusion-column-wrapper fusion-flex-column-wrapper-legacy\"><div class=\"fusion-sep-clear\"><\/div><div class=\"fusion-separator fusion-full-width-sep\" style=\"margin-left: auto;margin-right: auto;margin-top:10px;width:100%;\"><\/div><div class=\"fusion-sep-clear\"><\/div><div class=\"fusion-text fusion-text-2\"><h2 style=\"text-align: center;\"><b><span class=\"imUl\">Sch\u00fcler und Klassen insgesamt:<\/span><\/b><\/h2>\n<ul>\n<li>\n<h3><span class=\"fs16 cf1 ff1\">ca. 380 Sch\u00fclerinnen und Sch\u00fcler<br \/>\n<\/span><\/h3>\n<\/li>\n<li>\n<h3><span class=\"fs16 cf1 ff1\">43 Lehrkr\u00e4fte (Grundschullehrer, Mittelschullehrer, Fachlehrer, F\u00f6rderlehrer)<br \/>\n<\/span><\/h3>\n<\/li>\n<li>\n<h3><span class=\"fs16 cf1 ff1\">insgesamt 19 Klassen, davon zwei Deutschlernklassen<br \/>\n<\/span><\/h3>\n<\/li>\n<\/ul>\n<\/div><div class=\"fusion-clearfix\"><\/div><\/div><\/div><\/div><\/div><div class=\"fusion-fullwidth fullwidth-box fusion-builder-row-3 nonhundred-percent-fullwidth non-hundred-percent-height-scrolling\" style=\"--awb-border-radius-top-left:0px;--awb-border-radius-top-right:0px;--awb-border-radius-bottom-right:0px;--awb-border-radius-bottom-left:0px;\" ><div class=\"fusion-builder-row fusion-row\"><div class=\"fusion-layout-column fusion_builder_column fusion-builder-column-3 fusion_builder_column_1_1 1_1 fusion-one-full fusion-column-first fusion-column-last fusion-column-no-min-height\" style=\"--awb-bg-size:cover;--awb-margin-top:0px;--awb-margin-bottom:0px;\"><div class=\"fusion-column-wrapper fusion-flex-column-wrapper-legacy\"><div class=\"fusion-sep-clear\"><\/div><div class=\"fusion-separator fusion-full-width-sep\" style=\"margin-left: auto;margin-right: auto;width:100%;\"><div class=\"fusion-separator-border sep-single sep-solid\" style=\"border-color:#6abf16;border-top-width:5px;\"><\/div><\/div><div class=\"fusion-sep-clear\"><\/div><div class=\"fusion-clearfix\"><\/div><\/div><\/div><div class=\"fusion-layout-column fusion_builder_column fusion-builder-column-4 fusion_builder_column_1_1 1_1 fusion-one-full fusion-column-first fusion-column-last\" style=\"--awb-padding-top:45px;--awb-padding-right:45px;--awb-padding-bottom:45px;--awb-padding-left:45px;--awb-bg-color:#ffffff;--awb-bg-size:cover;--awb-border-color:#e2e2e2;--awb-border-top:1px;--awb-border-right:1px;--awb-border-bottom:1px;--awb-border-left:1px;--awb-border-style:solid;--awb-margin-bottom:40px;\"><div class=\"fusion-column-wrapper fusion-flex-column-wrapper-legacy\"><div class=\"fusion-sep-clear\"><\/div><div class=\"fusion-separator fusion-full-width-sep\" style=\"margin-left: auto;margin-right: auto;margin-top:10px;width:100%;\"><\/div><div class=\"fusion-sep-clear\"><\/div><div class=\"fusion-text fusion-text-3\"><h2 style=\"text-align: center;\"><b><span class=\"imUl\">Grundschule:<\/span><\/b><\/h2>\n<ul>\n<li>\n<h3><span class=\"fs16 cf1 ff1\">11 Klassen (incl. 1 Deutschlernklasse)<br \/>\n<\/span><\/h3>\n<\/li>\n<li>\n<h3><span class=\"fs16 cf1 ff1\">Jahrgangsstufen: 1 &#8211; 4<br \/>\n<\/span><\/h3>\n<\/li>\n<li>\n<h3><span class=\"fs16 cf1 ff1\">Unterrichtszeit: 8.00 Uhr bis max. 13.00 Uhr (kein Nachmittagsunterricht)<br \/>\n<\/span><\/h3>\n<\/li>\n<li>\n<h3><span class=\"fs16 cf1 ff1\">M\u00f6glichkeit der Sch\u00fclerbetreuung nach Unterrichtsende im Caritas Kinderhort (im Haus) gegen Geb\u00fchr<\/span><\/h3>\n<\/li>\n<\/ul>\n<\/div><div class=\"fusion-clearfix\"><\/div><\/div><\/div><\/div><\/div><div class=\"fusion-fullwidth fullwidth-box fusion-builder-row-4 nonhundred-percent-fullwidth non-hundred-percent-height-scrolling\" style=\"--awb-border-radius-top-left:0px;--awb-border-radius-top-right:0px;--awb-border-radius-bottom-right:0px;--awb-border-radius-bottom-left:0px;\" ><div class=\"fusion-builder-row fusion-row\"><div class=\"fusion-layout-column fusion_builder_column fusion-builder-column-5 fusion_builder_column_1_1 1_1 fusion-one-full fusion-column-first fusion-column-last fusion-column-no-min-height\" style=\"--awb-bg-size:cover;--awb-margin-top:0px;--awb-margin-bottom:0px;\"><div class=\"fusion-column-wrapper fusion-flex-column-wrapper-legacy\"><div class=\"fusion-sep-clear\"><\/div><div class=\"fusion-separator fusion-full-width-sep\" style=\"margin-left: auto;margin-right: auto;width:100%;\"><div class=\"fusion-separator-border sep-single sep-solid\" style=\"border-color:#6abf16;border-top-width:5px;\"><\/div><\/div><div class=\"fusion-sep-clear\"><\/div><div class=\"fusion-clearfix\"><\/div><\/div><\/div><div class=\"fusion-layout-column fusion_builder_column fusion-builder-column-6 fusion_builder_column_1_1 1_1 fusion-one-full fusion-column-first fusion-column-last\" style=\"--awb-padding-top:45px;--awb-padding-right:45px;--awb-padding-bottom:45px;--awb-padding-left:45px;--awb-bg-color:#ffffff;--awb-bg-size:cover;--awb-border-color:#e2e2e2;--awb-border-top:1px;--awb-border-right:1px;--awb-border-bottom:1px;--awb-border-left:1px;--awb-border-style:solid;--awb-margin-bottom:40px;\"><div class=\"fusion-column-wrapper fusion-flex-column-wrapper-legacy\"><div class=\"fusion-sep-clear\"><\/div><div class=\"fusion-separator fusion-full-width-sep\" style=\"margin-left: auto;margin-right: auto;margin-top:10px;width:100%;\"><\/div><div class=\"fusion-sep-clear\"><\/div><div class=\"fusion-text fusion-text-4\"><h2 style=\"text-align: center;\"><b><span class=\"imUl\">Mittelschule:<br \/>\n<\/span><\/b><\/h2>\n<ul>\n<li>\n<h3><span class=\"fs16 cf1 ff1\">8 Klassen (incl. 3 Ganztagsklassen und 1 Deutschlernklasse)<br \/>\n<\/span><\/h3>\n<\/li>\n<li>\n<h3><span class=\"fs16 cf1 ff1\">Jahrgangsstufen Regelklassen: 5 &#8211; 9<br \/>\n<\/span><\/h3>\n<\/li>\n<li>\n<h3><span class=\"fs16 cf1 ff1\">Jahrgangsstufen Mittlere-Reife-Zug (M-Zug): 7. \/ 8.\/ 9. \/10. Klasse<br \/>\n<\/span><\/h3>\n<\/li>\n<li>\n<h3><span class=\"fs16 cf1 ff1\">Unterrichtszeit: 8.00 Uhr &#8211; max. 13.00 Uhr + 14.00 &#8211; 15.30 Uhr bei Nachmittagsunterricht<br \/>\n<\/span><\/h3>\n<\/li>\n<li>\n<h3><span class=\"fs16 cf1 ff1\">Ganztagsklasse hat grunds\u00e4tzlich von Montag &#8211; Donnerstag von 8.00 Uhr &#8211; 15.30 Uhr Unterricht (incl. Mittagspause)<\/span><\/h3>\n<\/li>\n<li>\n<h3><span class=\"fs16\">M\u00f6glichkeit der kostenlosen Sch\u00fclerbetreuung nach Unterrichtsende in der hauseigenen offenen Ganztagsschule<\/span><\/h3>\n<\/li>\n<li>\n<h3><span class=\"fs16\">Verbund mit der Mittelschule F\u00fcrstenzell<\/span><\/h3>\n<\/li>\n<\/ul>\n<\/div><div class=\"fusion-clearfix\"><\/div><\/div><\/div><\/div><\/div><div class=\"fusion-fullwidth fullwidth-box fusion-builder-row-5 nonhundred-percent-fullwidth non-hundred-percent-height-scrolling\" style=\"--awb-border-radius-top-left:0px;--awb-border-radius-top-right:0px;--awb-border-radius-bottom-right:0px;--awb-border-radius-bottom-left:0px;\" ><div class=\"fusion-builder-row fusion-row\"><div class=\"fusion-layout-column fusion_builder_column fusion-builder-column-7 fusion_builder_column_1_1 1_1 fusion-one-full fusion-column-first fusion-column-last fusion-column-no-min-height\" style=\"--awb-bg-size:cover;--awb-margin-top:0px;--awb-margin-bottom:0px;\"><div class=\"fusion-column-wrapper fusion-flex-column-wrapper-legacy\"><div class=\"fusion-sep-clear\"><\/div><div class=\"fusion-separator fusion-full-width-sep\" style=\"margin-left: auto;margin-right: auto;width:100%;\"><div class=\"fusion-separator-border sep-single sep-solid\" style=\"border-color:#6abf16;border-top-width:5px;\"><\/div><\/div><div class=\"fusion-sep-clear\"><\/div><div class=\"fusion-clearfix\"><\/div><\/div><\/div><div class=\"fusion-layout-column fusion_builder_column fusion-builder-column-8 fusion_builder_column_1_1 1_1 fusion-one-full fusion-column-first fusion-column-last\" style=\"--awb-padding-top:45px;--awb-padding-right:45px;--awb-padding-bottom:45px;--awb-padding-left:45px;--awb-bg-color:#ffffff;--awb-bg-size:cover;--awb-border-color:#e2e2e2;--awb-border-top:1px;--awb-border-right:1px;--awb-border-bottom:1px;--awb-border-left:1px;--awb-border-style:solid;--awb-margin-bottom:40px;\"><div class=\"fusion-column-wrapper fusion-flex-column-wrapper-legacy\"><div class=\"fusion-sep-clear\"><\/div><div class=\"fusion-separator fusion-full-width-sep\" style=\"margin-left: auto;margin-right: auto;margin-top:10px;width:100%;\"><\/div><div class=\"fusion-sep-clear\"><\/div><div class=\"fusion-text fusion-text-5\"><h2 style=\"text-align: center;\"><b><span class=\"imUl\"><b class=\"imUl\">Abschl\u00fcsse<\/b>:<\/span><\/b><\/h2>\n<h3><span class=\"fs16\">Die Mittelschulen in Bayern bieten drei Abschl\u00fcsse:<\/span><\/h3>\n<h3><\/h3>\n<div>\n<ul>\n<li>\n<h3><span class=\"fs12\">Den <b>Mittelschulabschluss<\/b> nach dem erfolgreichen neunj\u00e4hrigem Besuch der Mittelschule.<\/span><\/h3>\n<\/li>\n<\/ul>\n<\/div>\n<h3><\/h3>\n<ul>\n<li>\n<h3><span class=\"fs12\">Den <b>qualifizierenden Mittelschulabschluss<\/b> (\u201eQUALI\u201c) nach dem erfolgreichen Bestehen der Quali-Pr\u00fcfung am Ende der neunten Klasse mit mindestens dem Notendurchschnitt 3,0.<\/span><\/h3>\n<\/li>\n<\/ul>\n<h3><\/h3>\n<ul>\n<li>\n<h3><span class=\"fs12\">Den <b>mittleren Abschluss<\/b> im Mittlere- Reife \u2013Zug nach dem erfolgreichen Bestehen der Pr\u00fcfung am Ende der zehnten Klasse.<\/span><span class=\"fs12\">\u00a0<\/span><span class=\"fs16\"><a class=\"imCssLink\" href=\"http:\/\/www.km.bayern.de\/eltern\/abschluesse\/abschluesse-der-mittelschule.html\">https:\/\/www.km.bayern.de\/eltern\/abschluesse\/abschluesse-der-mittelschule.html<\/a><\/span><\/h3>\n<\/li>\n<\/ul>\n<h3><\/h3>\n<h3>Da die berufliche Bildung seit einigen Jahren aufgewertet wurde, gibt es zwei weitere gute M\u00f6glichkeiten nach Absolvierung der neunten Klasse an der Mittelschule einen mittleren Abschluss unter Beteiligung der Berufsschule zu erhalten:<\/h3>\n<h3><\/h3>\n<ul>\n<li>\n<h3><span class=\"fs12\">Den qualifizierenden beruflichen Abschluss (\u201eQUABI\u201c) nach erfolgreichem Quali und mindestens der Note 4 in Englisch an der Mittelschule sowie einem erfolgreichen beruflichen Abschluss (\u201eGesellenpr\u00fcfung\u201c)\u00a0<\/span><span class=\"fs12\">mit mindestens Notendurchschnitt 3.0. Der QUABI wird dann nach der Gesellenpr\u00fcfung auf Antrag von der zuletzt besuchten Mittelschule ausgestellt.\u00a0<\/span><span class=\"fs12\"><a class=\"imCssLink\" href=\"http:\/\/www.km.bayern.de\/eltern\/abschluesse\/mittlerer-schulabschluss\/mittelschule.html\">\u00a0https:\/\/www.km.bayern.de\/eltern\/abschluesse\/mittlerer-schulabschluss\/mittelschule.html<\/a><\/span><\/h3>\n<\/li>\n<\/ul>\n<h3><\/h3>\n<ul>\n<li>\n<h3><span class=\"fs12\">Den mittleren Abschluss an der Berufsschule (\u201eMABS\u201c) mit mindestens der Note 4 in Englisch, einer abgeschlossenen Berufsausbildung (\u201eGesellenpr\u00fcfung\u201c) und einem Berufsschulabschluss mit mindestens\u00a0<\/span><span class=\"fs12\">Notendurchschnitt 3.0. Der MABS wird von der zuletzt besuchten Berufsschule ausgestellt.\u00a0<\/span><span class=\"fs12\"><a class=\"imCssLink\" href=\"http:\/\/www.km.bayern.de\/eltern\/abschluesse\/mittlerer-schulabschluss\/berufsschule.html\">https:\/\/www.km.bayern.de\/eltern\/abschluesse\/mittlerer-schulabschluss\/berufsschule.html<\/a><\/span><\/h3>\n<\/li>\n<\/ul>\n<div>\n<h3><\/h3>\n<h3>Daneben gibt es viele weitere Wege (Fachschulen, Wirtschaftsschulen, Volkshochschule VHS, Handwerkskammer, etc.), die auch ehemaligen Mittelsch\u00fclern offenstehen, um den mittleren Abschluss zu erreichen.<\/h3>\n<\/div>\n<\/div><div class=\"fusion-clearfix\"><\/div><\/div><\/div><\/div><\/div><\/p>\n","protected":false},"excerpt":{"rendered":"","protected":false},"author":1,"featured_media":0,"parent":0,"menu_order":0,"comment_status":"closed","ping_status":"closed","template":"100-width.php","meta":{"footnotes":""},"class_list":["post-1267","page","type-page","status-publish","hentry"],"_links":{"self":[{"href":"https:\/\/gms-griesbach.de\/index.php?rest_route=\/wp\/v2\/pages\/1267","targetHints":{"allow":["GET"]}}],"collection":[{"href":"https:\/\/gms-griesbach.de\/index.php?rest_route=\/wp\/v2\/pages"}],"about":[{"href":"https:\/\/gms-griesbach.de\/index.php?rest_route=\/wp\/v2\/types\/page"}],"author":[{"embeddable":true,"href":"https:\/\/gms-griesbach.de\/index.php?rest_route=\/wp\/v2\/users\/1"}],"replies":[{"embeddable":true,"href":"https:\/\/gms-griesbach.de\/index.php?rest_route=%2Fwp%2Fv2%2Fcomments&post=1267"}],"version-history":[{"count":16,"href":"https:\/\/gms-griesbach.de\/index.php?rest_route=\/wp\/v2\/pages\/1267\/revisions"}],"predecessor-version":[{"id":3612,"href":"https:\/\/gms-griesbach.de\/index.php?rest_route=\/wp\/v2\/pages\/1267\/revisions\/3612"}],"wp:attachment":[{"href":"https:\/\/gms-griesbach.de\/index.php?rest_route=%2Fwp%2Fv2%2Fmedia&parent=1267"}],"curies":[{"name":"wp","href":"https:\/\/api.w.org\/{rel}","templated":true}]}}