{"id":1283,"date":"2018-08-14T07:15:21","date_gmt":"2018-08-14T07:15:21","guid":{"rendered":"http:\/\/gms-griesbach.de\/?page_id=1283"},"modified":"2025-09-28T17:36:14","modified_gmt":"2025-09-28T17:36:14","slug":"lehrerbild","status":"publish","type":"page","link":"https:\/\/gms-griesbach.de\/?page_id=1283","title":{"rendered":"Lehrer"},"content":{"rendered":"<p><div class=\"fusion-fullwidth fullwidth-box fusion-builder-row-1 nonhundred-percent-fullwidth non-hundred-percent-height-scrolling\" style=\"--awb-border-radius-top-left:0px;--awb-border-radius-top-right:0px;--awb-border-radius-bottom-right:0px;--awb-border-radius-bottom-left:0px;\" ><div class=\"fusion-builder-row fusion-row\"><div class=\"fusion-layout-column fusion_builder_column fusion-builder-column-0 fusion_builder_column_1_1 1_1 fusion-one-full fusion-column-first fusion-column-last\" style=\"--awb-padding-top:50px;--awb-bg-size:cover;--awb-margin-bottom:40px;\"><div class=\"fusion-column-wrapper fusion-flex-column-wrapper-legacy\"><div class=\"fusion-text fusion-text-1\"><h1>Lehrerkollegium Schuljahr 2025 \/ 2026<\/h1>\n<\/div><div class=\"fusion-sep-clear\"><\/div><div class=\"fusion-separator fusion-clearfix\" style=\"float:left;margin-top:0px;margin-bottom:35px;width:100%;max-width:170px;\"><div class=\"fusion-separator-border sep-single sep-solid\" style=\"border-color:#6abf16;border-top-width:3px;\"><\/div><\/div><div class=\"fusion-sep-clear\"><\/div><div class=\"fusion-clearfix\"><\/div><\/div><\/div><\/div><\/div><div class=\"fusion-fullwidth fullwidth-box fusion-builder-row-2 nonhundred-percent-fullwidth non-hundred-percent-height-scrolling\" style=\"--awb-border-radius-top-left:0px;--awb-border-radius-top-right:0px;--awb-border-radius-bottom-right:0px;--awb-border-radius-bottom-left:0px;\" ><div class=\"fusion-builder-row fusion-row\"><div class=\"fusion-layout-column fusion_builder_column fusion-builder-column-1 fusion_builder_column_1_1 1_1 fusion-one-full fusion-column-first fusion-column-last\" style=\"--awb-bg-size:cover;\"><div class=\"fusion-column-wrapper fusion-flex-column-wrapper-legacy\"><div class=\"fusion-image-element fusion-image-align-center in-legacy-container\" style=\"text-align:center;\"><div class=\"imageframe-align-center\"><span class=\" fusion-imageframe imageframe-none imageframe-1 hover-type-none\"><img decoding=\"async\" width=\"2560\" height=\"1923\" title=\"Bildschirmfoto 2025-09-23 um 17.01.51\" src=\"https:\/\/gms-griesbach.de\/wp-content\/uploads\/2025\/09\/Bildschirmfoto-2025-09-23-um-17.01.51-scaled.png\" alt class=\"img-responsive wp-image-12585\" srcset=\"https:\/\/gms-griesbach.de\/wp-content\/uploads\/2025\/09\/Bildschirmfoto-2025-09-23-um-17.01.51-200x150.png 200w, https:\/\/gms-griesbach.de\/wp-content\/uploads\/2025\/09\/Bildschirmfoto-2025-09-23-um-17.01.51-400x300.png 400w, https:\/\/gms-griesbach.de\/wp-content\/uploads\/2025\/09\/Bildschirmfoto-2025-09-23-um-17.01.51-600x451.png 600w, https:\/\/gms-griesbach.de\/wp-content\/uploads\/2025\/09\/Bildschirmfoto-2025-09-23-um-17.01.51-800x601.png 800w, https:\/\/gms-griesbach.de\/wp-content\/uploads\/2025\/09\/Bildschirmfoto-2025-09-23-um-17.01.51-1200x901.png 1200w, https:\/\/gms-griesbach.de\/wp-content\/uploads\/2025\/09\/Bildschirmfoto-2025-09-23-um-17.01.51-scaled.png 2560w\" sizes=\"(max-width: 800px) 100vw, 1200px\" \/><\/span><\/div><\/div><div class=\"fusion-clearfix\"><\/div><\/div><\/div><\/div><\/div><div class=\"fusion-fullwidth fullwidth-box fusion-builder-row-3 nonhundred-percent-fullwidth non-hundred-percent-height-scrolling\" style=\"--awb-border-radius-top-left:0px;--awb-border-radius-top-right:0px;--awb-border-radius-bottom-right:0px;--awb-border-radius-bottom-left:0px;\" ><div class=\"fusion-builder-row fusion-row\"><div class=\"fusion-layout-column fusion_builder_column fusion-builder-column-2 fusion_builder_column_1_1 1_1 fusion-one-full fusion-column-first fusion-column-last\" style=\"--awb-padding-top:50px;--awb-bg-size:cover;--awb-margin-bottom:40px;\"><div class=\"fusion-column-wrapper fusion-column-has-shadow fusion-flex-column-wrapper-legacy\"><div class=\"fusion-text fusion-text-2\"><h1>Verbindungslehrer<\/h1>\n<\/div><div class=\"fusion-sep-clear\"><\/div><div class=\"fusion-separator fusion-clearfix\" style=\"float:left;margin-top:0px;margin-bottom:35px;width:100%;max-width:170px;\"><div class=\"fusion-separator-border sep-single sep-solid\" style=\"border-color:#6abf16;border-top-width:3px;\"><\/div><\/div><div class=\"fusion-sep-clear\"><\/div><div class=\"fusion-clearfix\"><\/div><\/div><\/div><\/div><\/div><div class=\"fusion-fullwidth fullwidth-box fusion-builder-row-4 nonhundred-percent-fullwidth non-hundred-percent-height-scrolling fusion-equal-height-columns\" style=\"--awb-background-position:left top;--awb-border-sizes-top:0px;--awb-border-sizes-bottom:0px;--awb-border-sizes-left:0px;--awb-border-sizes-right:0px;--awb-border-radius-top-left:0px;--awb-border-radius-top-right:0px;--awb-border-radius-bottom-right:0px;--awb-border-radius-bottom-left:0px;--awb-background-color:rgba(255,255,255,0.5);\" ><div class=\"fusion-builder-row fusion-row\"><div class=\"fusion-layout-column fusion_builder_column fusion-builder-column-3 fusion_builder_column_1_1 1_1 fusion-one-full fusion-column-first fusion-column-last fusion-column-no-min-height\" style=\"--awb-bg-size:cover;--awb-margin-top:0px;--awb-margin-bottom:0px;\"><div class=\"fusion-column-wrapper fusion-flex-column-wrapper-legacy\"><div class=\"fusion-sep-clear\"><\/div><div class=\"fusion-separator fusion-full-width-sep\" style=\"margin-left: auto;margin-right: auto;width:100%;\"><div class=\"fusion-separator-border sep-single sep-solid\" style=\"border-color:#6abf16;border-top-width:5px;\"><\/div><\/div><div class=\"fusion-sep-clear\"><\/div><div class=\"fusion-clearfix\"><\/div><\/div><\/div><div class=\"fusion-layout-column fusion_builder_column fusion-builder-column-4 fusion_builder_column_1_1 1_1 fusion-one-full fusion-column-first fusion-column-last\" style=\"--awb-padding-top:45px;--awb-padding-right:45px;--awb-padding-bottom:45px;--awb-padding-left:45px;--awb-bg-color:#ffffff;--awb-bg-size:cover;--awb-border-color:#e2e2e2;--awb-border-top:1px;--awb-border-right:1px;--awb-border-bottom:1px;--awb-border-left:1px;--awb-border-style:solid;--awb-margin-bottom:40px;\"><div class=\"fusion-column-wrapper fusion-flex-column-wrapper-legacy\"><div class=\"fusion-sep-clear\"><\/div><div class=\"fusion-separator fusion-full-width-sep\" style=\"margin-left: auto;margin-right: auto;margin-top:10px;width:100%;\"><\/div><div class=\"fusion-sep-clear\"><\/div><div class=\"fusion-text fusion-text-3\"><h2 style=\"text-align: center;\"><span class=\"fs14 cf1 ff1\">F\u00fcr das Schuljahr 2025 \/ 2026<\/span><\/h2>\n<h2 style=\"text-align: center;\"><span class=\"fs29 cf1 ff1\">wurde<br \/>\n<\/span><span class=\"cf1 ff1\"><span class=\"fs14\">zum Verbindungslehrer gew\u00e4hlt<\/span><\/span><\/h2>\n<h3 style=\"text-align: center;\"><span class=\"cf1 ff1\"><span class=\"fs14\">Der Verbindungslehrer pflegt die Verbindung zwischen Schulleiter und Lehrkr\u00e4ften einerseits und den Sch\u00fclern andererseits, ber\u00e4t die Einrichtungen der Sch\u00fclermitverantwortung, vermittelt bei Beschwerden.<\/span><\/span><\/h3>\n<\/div><div class=\"fusion-image-element fusion-image-align-center in-legacy-container\" style=\"text-align:center;\"><div class=\"imageframe-align-center\"><span class=\" fusion-imageframe imageframe-none imageframe-2 hover-type-none\"><img decoding=\"async\" width=\"400\" height=\"533\" title=\"Verbindungslehrer\" src=\"https:\/\/gms-griesbach.de\/wp-content\/uploads\/2022\/10\/Verbindungslehrer-400x533.jpg\" alt class=\"img-responsive wp-image-10387\" srcset=\"https:\/\/gms-griesbach.de\/wp-content\/uploads\/2022\/10\/Verbindungslehrer-200x267.jpg 200w, https:\/\/gms-griesbach.de\/wp-content\/uploads\/2022\/10\/Verbindungslehrer-400x533.jpg 400w, https:\/\/gms-griesbach.de\/wp-content\/uploads\/2022\/10\/Verbindungslehrer-600x800.jpg 600w, https:\/\/gms-griesbach.de\/wp-content\/uploads\/2022\/10\/Verbindungslehrer-800x1067.jpg 800w, https:\/\/gms-griesbach.de\/wp-content\/uploads\/2022\/10\/Verbindungslehrer-1200x1600.jpg 1200w, https:\/\/gms-griesbach.de\/wp-content\/uploads\/2022\/10\/Verbindungslehrer-scaled.jpg 1920w\" sizes=\"(max-width: 800px) 100vw, 1200px\" \/><\/span><\/div><\/div><div class=\"fusion-clearfix\"><\/div><\/div><\/div><\/div><\/div><\/p>\n","protected":false},"excerpt":{"rendered":"","protected":false},"author":1,"featured_media":0,"parent":0,"menu_order":0,"comment_status":"closed","ping_status":"closed","template":"100-width.php","meta":{"footnotes":""},"class_list":["post-1283","page","type-page","status-publish","hentry"],"_links":{"self":[{"href":"https:\/\/gms-griesbach.de\/index.php?rest_route=\/wp\/v2\/pages\/1283","targetHints":{"allow":["GET"]}}],"collection":[{"href":"https:\/\/gms-griesbach.de\/index.php?rest_route=\/wp\/v2\/pages"}],"about":[{"href":"https:\/\/gms-griesbach.de\/index.php?rest_route=\/wp\/v2\/types\/page"}],"author":[{"embeddable":true,"href":"https:\/\/gms-griesbach.de\/index.php?rest_route=\/wp\/v2\/users\/1"}],"replies":[{"embeddable":true,"href":"https:\/\/gms-griesbach.de\/index.php?rest_route=%2Fwp%2Fv2%2Fcomments&post=1283"}],"version-history":[{"count":43,"href":"https:\/\/gms-griesbach.de\/index.php?rest_route=\/wp\/v2\/pages\/1283\/revisions"}],"predecessor-version":[{"id":12596,"href":"https:\/\/gms-griesbach.de\/index.php?rest_route=\/wp\/v2\/pages\/1283\/revisions\/12596"}],"wp:attachment":[{"href":"https:\/\/gms-griesbach.de\/index.php?rest_route=%2Fwp%2Fv2%2Fmedia&parent=1283"}],"curies":[{"name":"wp","href":"https:\/\/api.w.org\/{rel}","templated":true}]}}