{"id":2373,"date":"2018-09-01T11:08:00","date_gmt":"2018-09-01T11:08:00","guid":{"rendered":"http:\/\/gms-griesbach.de\/?page_id=2373"},"modified":"2018-09-07T17:28:54","modified_gmt":"2018-09-07T17:28:54","slug":"sinus","status":"publish","type":"page","link":"https:\/\/gms-griesbach.de\/?page_id=2373","title":{"rendered":"Sinus"},"content":{"rendered":"<p><div class=\"fusion-fullwidth fullwidth-box fusion-builder-row-1 nonhundred-percent-fullwidth non-hundred-percent-height-scrolling\" style=\"--awb-border-radius-top-left:0px;--awb-border-radius-top-right:0px;--awb-border-radius-bottom-right:0px;--awb-border-radius-bottom-left:0px;\" ><div class=\"fusion-builder-row fusion-row\"><div class=\"fusion-layout-column fusion_builder_column fusion-builder-column-0 fusion_builder_column_2_3 2_3 fusion-two-third fusion-column-first\" style=\"--awb-bg-size:cover;width:66.666666666667%;width:calc(66.666666666667% - ( ( 4% ) * 0.66666666666667 ) );margin-right: 4%;\"><div class=\"fusion-column-wrapper fusion-flex-column-wrapper-legacy\"><div class=\"fusion-text fusion-text-1\"><h1>SINUS an Grundschulen &#8211; was ist das?<\/h1>\n<\/div><div class=\"fusion-sep-clear\"><\/div><div class=\"fusion-separator fusion-clearfix\" style=\"float:left;margin-top:0px;margin-bottom:35px;width:100%;max-width:170px;\"><div class=\"fusion-separator-border sep-single sep-solid\" style=\"border-color:#6abf16;border-top-width:3px;\"><\/div><\/div><div class=\"fusion-sep-clear\"><\/div><div class=\"fusion-clearfix\"><\/div><\/div><\/div><div class=\"fusion-layout-column fusion_builder_column fusion-builder-column-1 fusion_builder_column_1_3 1_3 fusion-one-third fusion-column-last\" style=\"--awb-bg-size:cover;width:33.333333333333%;width:calc(33.333333333333% - ( ( 4% ) * 0.33333333333333 ) );\"><div class=\"fusion-column-wrapper fusion-flex-column-wrapper-legacy\"><div class=\"fusion-image-element in-legacy-container\"><span class=\" fusion-imageframe imageframe-none imageframe-1 hover-type-none\"><img decoding=\"async\" width=\"250\" height=\"250\" title=\"Sinus 250\" src=\"https:\/\/gms-griesbach.de\/wp-content\/uploads\/2018\/Logos\/Sinus-250.jpg\" alt class=\"img-responsive wp-image-1154\" srcset=\"https:\/\/gms-griesbach.de\/wp-content\/uploads\/2018\/Logos\/Sinus-250-200x200.jpg 200w, https:\/\/gms-griesbach.de\/wp-content\/uploads\/2018\/Logos\/Sinus-250.jpg 250w\" sizes=\"(max-width: 800px) 100vw, 250px\" \/><\/span><\/div><div class=\"fusion-clearfix\"><\/div><\/div><\/div><\/div><\/div><div class=\"fusion-fullwidth fullwidth-box fusion-builder-row-2 nonhundred-percent-fullwidth non-hundred-percent-height-scrolling\" style=\"--awb-background-position:left top;--awb-border-radius-top-left:0px;--awb-border-radius-top-right:0px;--awb-border-radius-bottom-right:0px;--awb-border-radius-bottom-left:0px;--awb-border-sizes-top:0px;--awb-border-sizes-bottom:0px;\" ><div class=\"fusion-builder-row fusion-row\"><div class=\"fusion-layout-column fusion_builder_column fusion-builder-column-2 fusion_builder_column_1_1 1_1 fusion-one-full fusion-column-first fusion-column-last\" style=\"--awb-bg-size:cover;\"><div class=\"fusion-column-wrapper fusion-flex-column-wrapper-legacy\"><ul style=\"--awb-size:25px;--awb-line-height:42.5px;--awb-icon-width:42.5px;--awb-icon-height:42.5px;--awb-icon-margin:17.5px;--awb-content-margin:60px;--awb-circlecolor:#6abf16;--awb-circle-yes-font-size:22px;\" class=\"fusion-checklist fusion-checklist-1 fusion-checklist-default type-icons\"><li class=\"fusion-li-item\" style=\"\"><span class=\"icon-wrapper circle-yes\"><i class=\"fusion-li-icon fa-info fas\" aria-hidden=\"true\"><\/i><\/span><div class=\"fusion-li-item-content\">\n<h2>Mit dem Programm SINUS steht ein Konzept zur Unterrichtsentwicklung im Fach Mathematik zur Verf\u00fcgung. Die teilnehmenden Schulen erh\u00f6hen ihre Unterrichtsqualit\u00e4t und steigern so die mathematischen Kompetenzen der Sch\u00fclerinnen und Sch\u00fcler. Die Umsetzung der Kompetenzerwartungen des LehrplanPLUS und der Bildungsstandards ist das zentrale Anliegen von SINUS.<\/h2>\n<h2><\/h2>\n<\/div><\/li><\/ul><div class=\"fusion-clearfix\"><\/div><\/div><\/div><\/div><\/div><div class=\"fusion-fullwidth fullwidth-box fusion-builder-row-3 nonhundred-percent-fullwidth non-hundred-percent-height-scrolling\" style=\"--awb-border-radius-top-left:0px;--awb-border-radius-top-right:0px;--awb-border-radius-bottom-right:0px;--awb-border-radius-bottom-left:0px;\" ><div class=\"fusion-builder-row fusion-row\"><div class=\"fusion-layout-column fusion_builder_column fusion-builder-column-3 fusion_builder_column_1_1 1_1 fusion-one-full fusion-column-first fusion-column-last\" style=\"--awb-bg-size:cover;--awb-margin-bottom:0px;\"><div class=\"fusion-column-wrapper fusion-flex-column-wrapper-legacy\"><div class=\"fusion-text fusion-text-2\"><h1>Umsetzung des Programms<\/h1>\n<\/div><div class=\"fusion-sep-clear\"><\/div><div class=\"fusion-separator fusion-clearfix\" style=\"float:left;margin-top:0px;margin-bottom:35px;width:100%;max-width:170px;\"><div class=\"fusion-separator-border sep-single sep-solid\" style=\"border-color:#6abf16;border-top-width:3px;\"><\/div><\/div><div class=\"fusion-sep-clear\"><\/div><ul style=\"--awb-size:25px;--awb-line-height:42.5px;--awb-icon-width:42.5px;--awb-icon-height:42.5px;--awb-icon-margin:17.5px;--awb-content-margin:60px;--awb-circlecolor:#6abf16;--awb-circle-yes-font-size:22px;\" class=\"fusion-checklist fusion-checklist-2 fusion-checklist-default type-icons\"><li class=\"fusion-li-item\" style=\"\"><span class=\"icon-wrapper circle-yes\"><i class=\"fusion-li-icon fa-users fas\" aria-hidden=\"true\"><\/i><\/span><div class=\"fusion-li-item-content\">\n<h2>Die Kolleginnen und Kollegen einer Schule verstehen sich als Team, das gemeinsam an der Unterrichtsentwicklung in Mathematik arbeitet. Die aktive Teilnahme eines gr\u00f6\u00dferen Teils des Kollegiums ist optimal.<\/h2>\n<\/div><\/li><li class=\"fusion-li-item\" style=\"\"><span class=\"icon-wrapper circle-yes\"><i class=\"fusion-li-icon fa-user-clock fas\" aria-hidden=\"true\"><\/i><\/span><div class=\"fusion-li-item-content\">\n<h2>Die teilnehmenden Schulen werden regional zu Schulgruppen zusammengefasst und von erfahrenen SINUS-Beraterinnen und\u2013Beratern in der Regel zwei bis drei Jahre begleitet.<\/h2>\n<\/div><\/li><li class=\"fusion-li-item\" style=\"\"><span class=\"icon-wrapper circle-yes\"><i class=\"fusion-li-icon fa-level-down-alt fas\" aria-hidden=\"true\"><\/i><\/span><div class=\"fusion-li-item-content\">\n<h2>Die Lehrkr\u00e4fte erhalten fachdidaktische Impulse f\u00fcr die Unterrichtsgestaltung und beteiligen sich aktiv bei den Schulgruppentreffen. Dies sind in Regel drei Arbeitstreffen pro Schuljahr (nachmittags).<\/h2>\n<\/div><\/li><li class=\"fusion-li-item\" style=\"\"><span class=\"icon-wrapper circle-yes\"><i class=\"fusion-li-icon fa-graduation-cap fas\" aria-hidden=\"true\"><\/i><\/span><div class=\"fusion-li-item-content\">\n<h2>Bei den j\u00e4hrlichen Regionaltagungen in den Regierungsbezirken (ganzt\u00e4gig) referieren renommierte Fachdidaktiker und erfahrene Schulpraktiker. Auch diese Veranstaltungen enthalten einen hohen Praxisbezug und binden die Teilnehmer aktiv ein.<\/h2>\n<\/div><\/li><li class=\"fusion-li-item\" style=\"\"><span class=\"icon-wrapper circle-yes\"><i class=\"fusion-li-icon fa-user-cog fas\" aria-hidden=\"true\"><\/i><\/span><div class=\"fusion-li-item-content\">\n<h2>Zwischen den Arbeitsgruppentreffen erproben die Lehrkr\u00e4fte die erarbeiteten Module im eigenen Unterricht, kooperieren dabei mit ihren Kolleginnen und Kollegen und reflektieren regelm\u00e4\u00dfig \u00fcber die gesetzten Ziele.<\/h2>\n<\/div><\/li><li class=\"fusion-li-item\" style=\"\"><span class=\"icon-wrapper circle-yes\"><i class=\"fusion-li-icon fa-arrows-alt fas\" aria-hidden=\"true\"><\/i><\/span><div class=\"fusion-li-item-content\">\n<h2>Der intensive Erfahrungsaustausch im Kollegium und mit den Teilnehmerinnen und Teilnehmern anderer Schulen auf den Schulgruppentreffen st\u00e4rkt die fachliche Kompetenz der Lehrkr\u00e4fte und erweitert das Repertoire an Unterrichtsmethoden.<\/h2>\n<\/div><\/li><\/ul><div class=\"fusion-clearfix\"><\/div><\/div><\/div><\/div><\/div><div class=\"fusion-fullwidth fullwidth-box fusion-builder-row-4 nonhundred-percent-fullwidth non-hundred-percent-height-scrolling\" style=\"--awb-border-radius-top-left:0px;--awb-border-radius-top-right:0px;--awb-border-radius-bottom-right:0px;--awb-border-radius-bottom-left:0px;\" ><div class=\"fusion-builder-row fusion-row\"><div class=\"fusion-layout-column fusion_builder_column fusion-builder-column-4 fusion_builder_column_1_1 1_1 fusion-one-full fusion-column-first fusion-column-last\" style=\"--awb-bg-size:cover;\"><div class=\"fusion-column-wrapper fusion-flex-column-wrapper-legacy\"><div class=\"fusion-text fusion-text-3\"><h1>Auszeichnung und \u00dcbergabe &#8222;SINUS-Urkunde&#8220;<\/h1>\n<\/div><div class=\"fusion-sep-clear\"><\/div><div class=\"fusion-separator fusion-clearfix\" style=\"float:left;margin-top:0px;margin-bottom:35px;width:100%;max-width:170px;\"><div class=\"fusion-separator-border sep-single sep-solid\" style=\"border-color:#6abf16;border-top-width:3px;\"><\/div><\/div><div class=\"fusion-sep-clear\"><\/div><div class=\"fusion-image-element in-legacy-container\"><span class=\" fusion-imageframe imageframe-none imageframe-2 hover-type-none\"><img decoding=\"async\" width=\"1024\" height=\"683\" src=\"https:\/\/gms-griesbach.de\/wp-content\/uploads\/2018\/Fotos_Start\/Sinus-Lehrer-1024x683.jpg\" alt class=\"img-responsive wp-image-2394\" srcset=\"https:\/\/gms-griesbach.de\/wp-content\/uploads\/2018\/Fotos_Start\/Sinus-Lehrer-200x133.jpg 200w, https:\/\/gms-griesbach.de\/wp-content\/uploads\/2018\/Fotos_Start\/Sinus-Lehrer-400x267.jpg 400w, https:\/\/gms-griesbach.de\/wp-content\/uploads\/2018\/Fotos_Start\/Sinus-Lehrer-600x400.jpg 600w, https:\/\/gms-griesbach.de\/wp-content\/uploads\/2018\/Fotos_Start\/Sinus-Lehrer-800x533.jpg 800w, https:\/\/gms-griesbach.de\/wp-content\/uploads\/2018\/Fotos_Start\/Sinus-Lehrer-1200x800.jpg 1200w, https:\/\/gms-griesbach.de\/wp-content\/uploads\/2018\/Fotos_Start\/Sinus-Lehrer.jpg 1920w\" sizes=\"(max-width: 800px) 100vw, 1200px\" \/><\/span><\/div><div class=\"fusion-text fusion-text-4\"><h2 style=\"text-align: center;\">Schulleitung, Lehrerkollegium der Grundschule und die Mitglieder der Arbeitsgemeinschaft Elternbeirat<\/h2>\n<\/div><div class=\"fusion-clearfix\"><\/div><\/div><\/div><\/div><\/div><\/p>\n","protected":false},"excerpt":{"rendered":"","protected":false},"author":1,"featured_media":0,"parent":0,"menu_order":0,"comment_status":"closed","ping_status":"closed","template":"","meta":{"footnotes":""},"class_list":["post-2373","page","type-page","status-publish","hentry"],"_links":{"self":[{"href":"https:\/\/gms-griesbach.de\/index.php?rest_route=\/wp\/v2\/pages\/2373","targetHints":{"allow":["GET"]}}],"collection":[{"href":"https:\/\/gms-griesbach.de\/index.php?rest_route=\/wp\/v2\/pages"}],"about":[{"href":"https:\/\/gms-griesbach.de\/index.php?rest_route=\/wp\/v2\/types\/page"}],"author":[{"embeddable":true,"href":"https:\/\/gms-griesbach.de\/index.php?rest_route=\/wp\/v2\/users\/1"}],"replies":[{"embeddable":true,"href":"https:\/\/gms-griesbach.de\/index.php?rest_route=%2Fwp%2Fv2%2Fcomments&post=2373"}],"version-history":[{"count":20,"href":"https:\/\/gms-griesbach.de\/index.php?rest_route=\/wp\/v2\/pages\/2373\/revisions"}],"predecessor-version":[{"id":2494,"href":"https:\/\/gms-griesbach.de\/index.php?rest_route=\/wp\/v2\/pages\/2373\/revisions\/2494"}],"wp:attachment":[{"href":"https:\/\/gms-griesbach.de\/index.php?rest_route=%2Fwp%2Fv2%2Fmedia&parent=2373"}],"curies":[{"name":"wp","href":"https:\/\/api.w.org\/{rel}","templated":true}]}}