{"id":3809,"date":"2019-12-05T14:33:48","date_gmt":"2019-12-05T14:33:48","guid":{"rendered":"http:\/\/gms-griesbach.de\/?page_id=3809"},"modified":"2020-04-20T08:19:52","modified_gmt":"2020-04-20T08:19:52","slug":"angst","status":"publish","type":"page","link":"https:\/\/gms-griesbach.de\/?page_id=3809","title":{"rendered":"Angst"},"content":{"rendered":"<p><div class=\"fusion-fullwidth fullwidth-box fusion-builder-row-1 nonhundred-percent-fullwidth non-hundred-percent-height-scrolling\" style=\"--awb-border-radius-top-left:0px;--awb-border-radius-top-right:0px;--awb-border-radius-bottom-right:0px;--awb-border-radius-bottom-left:0px;\" ><div class=\"fusion-builder-row fusion-row\"><div class=\"fusion-layout-column fusion_builder_column fusion-builder-column-0 fusion_builder_column_1_1 1_1 fusion-one-full fusion-column-first fusion-column-last\" style=\"--awb-padding-top:50px;--awb-bg-size:cover;--awb-margin-bottom:40px;\"><div class=\"fusion-column-wrapper fusion-flex-column-wrapper-legacy\"><div class=\"fusion-text fusion-text-1\"><h1>\u00dcbersicht \u00fcber inner- und au\u00dferschulische Hilfsangebote bei Depression, Angstst\u00f6rung und Familienkonflikten<\/h1>\n<\/div><div class=\"fusion-sep-clear\"><\/div><div class=\"fusion-separator fusion-clearfix\" style=\"float:left;margin-top:0px;margin-bottom:35px;width:100%;max-width:170px;\"><div class=\"fusion-separator-border sep-single sep-solid\" style=\"border-color:#6abf16;border-top-width:3px;\"><\/div><\/div><div class=\"fusion-sep-clear\"><\/div><div class=\"fusion-clearfix\"><\/div><\/div><\/div><\/div><\/div><div class=\"fusion-fullwidth fullwidth-box fusion-builder-row-2 nonhundred-percent-fullwidth non-hundred-percent-height-scrolling\" style=\"--awb-background-position:left top;--awb-border-radius-top-left:0px;--awb-border-radius-top-right:0px;--awb-border-radius-bottom-right:0px;--awb-border-radius-bottom-left:0px;--awb-border-sizes-top:0px;--awb-border-sizes-bottom:0px;\" ><div class=\"fusion-builder-row fusion-row\"><div class=\"fusion-layout-column fusion_builder_column fusion-builder-column-1 fusion_builder_column_1_1 1_1 fusion-one-full fusion-column-first fusion-column-last\" style=\"--awb-bg-size:cover;\"><div class=\"fusion-column-wrapper fusion-flex-column-wrapper-legacy\"><div class=\"fusion-text fusion-text-2\"><h1>Im System Schule<\/h1>\n<\/div><div class=\"fusion-sep-clear\"><\/div><div class=\"fusion-separator fusion-clearfix\" style=\"float:left;margin-top:0px;margin-bottom:35px;width:100%;max-width:170px;\"><div class=\"fusion-separator-border sep-single sep-solid\" style=\"border-color:#6abf16;border-top-width:3px;\"><\/div><\/div><div class=\"fusion-sep-clear\"><\/div><div class=\"accordian fusion-accordian\" style=\"--awb-border-size:1px;--awb-icon-size:13px;--awb-content-font-size:13px;--awb-icon-alignment:left;--awb-hover-color:#f9f9f9;--awb-border-color:#cccccc;--awb-background-color:#ffffff;--awb-divider-color:#e0dede;--awb-divider-hover-color:#e0dede;--awb-icon-color:#ffffff;--awb-title-color:#333333;--awb-content-color:#747474;--awb-icon-box-color:#333333;--awb-toggle-hover-accent-color:#6abf16;--awb-title-font-family:&quot;Antic Slab&quot;;--awb-title-font-weight:400;--awb-title-font-style:normal;--awb-title-font-size:20px;--awb-content-font-family:&quot;PT Sans&quot;;--awb-content-font-style:normal;--awb-content-font-weight:400;\"><div class=\"panel-group fusion-toggle-icon-boxed\" id=\"accordion-3809-1\"><div class=\"fusion-panel panel-default panel-ef5af14fe1430fa65 fusion-toggle-has-divider\"><div class=\"panel-heading\"><h4 class=\"panel-title toggle\" id=\"toggle_ef5af14fe1430fa65\"><a aria-expanded=\"false\" aria-controls=\"ef5af14fe1430fa65\" role=\"button\" data-toggle=\"collapse\" data-parent=\"#accordion-3809-1\" data-target=\"#ef5af14fe1430fa65\" href=\"#ef5af14fe1430fa65\"><span class=\"fusion-toggle-icon-wrapper\" aria-hidden=\"true\"><i class=\"fa-fusion-box active-icon awb-icon-minus\" aria-hidden=\"true\"><\/i><i class=\"fa-fusion-box inactive-icon awb-icon-plus\" aria-hidden=\"true\"><\/i><\/span><span class=\"fusion-toggle-heading\">Verbindungslehrkraft<\/span><\/a><\/h4><\/div><div id=\"ef5af14fe1430fa65\" class=\"panel-collapse collapse \" araia-labelledby=\"toggle_ef5af14fe1430fa65\"><div class=\"panel-body toggle-content fusion-clearfix\">\n<h2>Astrid Wiesner<br \/>\nSeilerberg 16<br \/>\n94086 Bad Griesbach<br \/>\nTel.: 08532 &#8211; 9262330<br \/>\nE-Mail: <a href=\"mailto:vertrauen@gms-griesbach.de\">vertrauen@gms-griesbach.de<\/a><\/h2>\n<\/div><\/div><\/div><div class=\"fusion-panel panel-default panel-a19c282e000baa47b fusion-toggle-has-divider\"><div class=\"panel-heading\"><h4 class=\"panel-title toggle\" id=\"toggle_a19c282e000baa47b\"><a aria-expanded=\"false\" aria-controls=\"a19c282e000baa47b\" role=\"button\" data-toggle=\"collapse\" data-parent=\"#accordion-3809-1\" data-target=\"#a19c282e000baa47b\" href=\"#a19c282e000baa47b\"><span class=\"fusion-toggle-icon-wrapper\" aria-hidden=\"true\"><i class=\"fa-fusion-box active-icon awb-icon-minus\" aria-hidden=\"true\"><\/i><i class=\"fa-fusion-box inactive-icon awb-icon-plus\" aria-hidden=\"true\"><\/i><\/span><span class=\"fusion-toggle-heading\">Beratungslehrkraft<\/span><\/a><\/h4><\/div><div id=\"a19c282e000baa47b\" class=\"panel-collapse collapse \" araia-labelledby=\"toggle_a19c282e000baa47b\"><div class=\"panel-body toggle-content fusion-clearfix\">\n<h2>Herr Lars Feigl<br \/>\nSchulstra\u00dfe 19<br \/>\n94081 F\u00fcrstenzell<br \/>\nTel.: 08502 &#8211; 917180<br \/>\nE-Mail: <a href=\"mailto:beratung.feigl@web.de\">beratung.feigl@web.de<\/a><\/h2>\n<\/div><\/div><\/div><div class=\"fusion-panel panel-default panel-692aae0e2ee62a296 fusion-toggle-has-divider\"><div class=\"panel-heading\"><h4 class=\"panel-title toggle\" id=\"toggle_692aae0e2ee62a296\"><a aria-expanded=\"false\" aria-controls=\"692aae0e2ee62a296\" role=\"button\" data-toggle=\"collapse\" data-parent=\"#accordion-3809-1\" data-target=\"#692aae0e2ee62a296\" href=\"#692aae0e2ee62a296\"><span class=\"fusion-toggle-icon-wrapper\" aria-hidden=\"true\"><i class=\"fa-fusion-box active-icon awb-icon-minus\" aria-hidden=\"true\"><\/i><i class=\"fa-fusion-box inactive-icon awb-icon-plus\" aria-hidden=\"true\"><\/i><\/span><span class=\"fusion-toggle-heading\">Schulpsychologin<\/span><\/a><\/h4><\/div><div id=\"692aae0e2ee62a296\" class=\"panel-collapse collapse \" araia-labelledby=\"toggle_692aae0e2ee62a296\"><div class=\"panel-body toggle-content fusion-clearfix\">\n<h2>Heidrun Schreiter<br \/>\nDr. Eggersdorfer Str. 10<br \/>\n94032 Passau<br \/>\nTel.: 0851 &#8211; 7562640<br \/>\nFax: 0851 &#8211; 37930614<br \/>\nE-Mail: <a href=\"mailto:schreiter.heidrun@gmail.de\">schreiter.heidrun@gmail.de<\/a><\/h2>\n<\/div><\/div><\/div><div class=\"fusion-panel panel-default panel-85a9e56f59a27f031 fusion-toggle-has-divider\"><div class=\"panel-heading\"><h4 class=\"panel-title toggle\" id=\"toggle_85a9e56f59a27f031\"><a aria-expanded=\"false\" aria-controls=\"85a9e56f59a27f031\" role=\"button\" data-toggle=\"collapse\" data-parent=\"#accordion-3809-1\" data-target=\"#85a9e56f59a27f031\" href=\"#85a9e56f59a27f031\"><span class=\"fusion-toggle-icon-wrapper\" aria-hidden=\"true\"><i class=\"fa-fusion-box active-icon awb-icon-minus\" aria-hidden=\"true\"><\/i><i class=\"fa-fusion-box inactive-icon awb-icon-plus\" aria-hidden=\"true\"><\/i><\/span><span class=\"fusion-toggle-heading\">Staatl. Schulberatungsstelle Ndb.<\/span><\/a><\/h4><\/div><div id=\"85a9e56f59a27f031\" class=\"panel-collapse collapse \" araia-labelledby=\"toggle_85a9e56f59a27f031\"><div class=\"panel-body toggle-content fusion-clearfix\">\n<h2>Seligenthaler Str. 36,<br \/>\n84034 Landshut<br \/>\nTel.:\u00a0 0871 &#8211; 43031 0<br \/>\nFax.: 0871 &#8211; 43031 10<br \/>\nE-Mail: <a href=\"mailto:info@sbndb.de\">info@sbndb.de<\/a><\/h2>\n<\/div><\/div><\/div><div class=\"fusion-panel panel-default panel-1ab5fe815f2bd3b25 fusion-toggle-has-divider\"><div class=\"panel-heading\"><h4 class=\"panel-title toggle\" id=\"toggle_1ab5fe815f2bd3b25\"><a aria-expanded=\"false\" aria-controls=\"1ab5fe815f2bd3b25\" role=\"button\" data-toggle=\"collapse\" data-parent=\"#accordion-3809-1\" data-target=\"#1ab5fe815f2bd3b25\" href=\"#1ab5fe815f2bd3b25\"><span class=\"fusion-toggle-icon-wrapper\" aria-hidden=\"true\"><i class=\"fa-fusion-box active-icon awb-icon-minus\" aria-hidden=\"true\"><\/i><i class=\"fa-fusion-box inactive-icon awb-icon-plus\" aria-hidden=\"true\"><\/i><\/span><span class=\"fusion-toggle-heading\">Jugenssozialarbeit an Schulen<\/span><\/a><\/h4><\/div><div id=\"1ab5fe815f2bd3b25\" class=\"panel-collapse collapse \" araia-labelledby=\"toggle_1ab5fe815f2bd3b25\"><div class=\"panel-body toggle-content fusion-clearfix\">\n<h2 style=\"text-align: left;\">Ursula Neuleitner<br \/>\nSeilerberg 16<br \/>\n94086 Bad Griesbach<br \/>\nTel.: 0151 &#8211; 14132381<br \/>\nE-Mail: <a href=\"mailto:ursula.neuleitner@landkreis-passau.de\">ursula.neuleitner@landkreis-passau.de<\/a><\/h2>\n<\/div><\/div><\/div><\/div><\/div><div class=\"fusion-clearfix\"><\/div><\/div><\/div><\/div><\/div><div class=\"fusion-fullwidth fullwidth-box fusion-builder-row-3 nonhundred-percent-fullwidth non-hundred-percent-height-scrolling\" style=\"--awb-border-radius-top-left:0px;--awb-border-radius-top-right:0px;--awb-border-radius-bottom-right:0px;--awb-border-radius-bottom-left:0px;\" ><div class=\"fusion-builder-row fusion-row\"><div class=\"fusion-layout-column fusion_builder_column fusion-builder-column-2 fusion_builder_column_1_1 1_1 fusion-one-full fusion-column-first fusion-column-last\" style=\"--awb-bg-size:cover;--awb-margin-bottom:0px;\"><div class=\"fusion-column-wrapper fusion-flex-column-wrapper-legacy\"><div class=\"fusion-text fusion-text-3\"><h1>Au\u00dferschulische Kooperationspartner<\/h1>\n<\/div><div class=\"fusion-sep-clear\"><\/div><div class=\"fusion-separator fusion-clearfix\" style=\"float:left;margin-top:0px;margin-bottom:35px;width:100%;max-width:170px;\"><div class=\"fusion-separator-border sep-single sep-solid\" style=\"border-color:#6abf16;border-top-width:3px;\"><\/div><\/div><div class=\"fusion-sep-clear\"><\/div><div class=\"fusion-clearfix\"><\/div><\/div><\/div><div class=\"fusion-layout-column fusion_builder_column fusion-builder-column-3 fusion_builder_column_1_3 1_3 fusion-one-third fusion-column-first\" style=\"--awb-bg-size:cover;width:33.333333333333%;width:calc(33.333333333333% - ( ( 4% + 4% ) * 0.33333333333333 ) );margin-right: 4%;\"><div class=\"fusion-column-wrapper fusion-column-has-shadow fusion-flex-column-wrapper-legacy\"><div class=\"fusion-text fusion-text-4\"><h2 style=\"text-align: center;\">Caritas Erziehungs-, Jugend- und Familienberatung Passau<br \/>\nTel.: 0851 &#8211; 501260<\/h2>\n<\/div><div class=\"fusion-clearfix\"><\/div><\/div><\/div><div class=\"fusion-layout-column fusion_builder_column fusion-builder-column-4 fusion_builder_column_1_3 1_3 fusion-one-third\" style=\"--awb-bg-size:cover;width:33.333333333333%;width:calc(33.333333333333% - ( ( 4% + 4% ) * 0.33333333333333 ) );margin-right: 4%;\"><div class=\"fusion-column-wrapper fusion-column-has-shadow fusion-flex-column-wrapper-legacy\"><div class=\"fusion-text fusion-text-5\"><h2 style=\"text-align: center;\">Tagesklinik und Institutsambulanz f\u00fcr Kinder- und Jugendpsychiatrie, Psychotherapie und Psychosomatik in Passau<br \/>\nTel.: 0851 &#8211; 21360730<\/h2>\n<\/div><div class=\"fusion-clearfix\"><\/div><\/div><\/div><div class=\"fusion-layout-column fusion_builder_column fusion-builder-column-5 fusion_builder_column_1_3 1_3 fusion-one-third fusion-column-last\" style=\"--awb-bg-size:cover;width:33.333333333333%;width:calc(33.333333333333% - ( ( 4% + 4% ) * 0.33333333333333 ) );\"><div class=\"fusion-column-wrapper fusion-column-has-shadow fusion-flex-column-wrapper-legacy\"><div class=\"fusion-text fusion-text-6\"><h2 style=\"text-align: center;\">Sozialp\u00e4diatrisches Zentrum<br \/>\nan der Kinderklinik Dritter Orden in Passau<br \/>\nTel.: 0851 &#8211; 7205-164<\/h2>\n<\/div><div class=\"fusion-clearfix\"><\/div><\/div><\/div><div class=\"fusion-layout-column fusion_builder_column fusion-builder-column-6 fusion_builder_column_1_3 1_3 fusion-one-third fusion-column-first\" style=\"--awb-bg-size:cover;width:33.333333333333%;width:calc(33.333333333333% - ( ( 4% + 4% ) * 0.33333333333333 ) );margin-right: 4%;\"><div class=\"fusion-column-wrapper fusion-column-has-shadow fusion-flex-column-wrapper-legacy\"><div class=\"fusion-text fusion-text-7\"><h2 style=\"text-align: center;\">Niedergelassene Kinder\u00e4rzte sowie Fach\u00e4rzte f\u00fcr Kinder-\/ Jugendpsychiatrie und -psychotherapie<\/h2>\n<\/div><div class=\"fusion-clearfix\"><\/div><\/div><\/div><div class=\"fusion-layout-column fusion_builder_column fusion-builder-column-7 fusion_builder_column_1_3 1_3 fusion-one-third\" style=\"--awb-bg-size:cover;width:33.333333333333%;width:calc(33.333333333333% - ( ( 4% + 4% ) * 0.33333333333333 ) );margin-right: 4%;\"><div class=\"fusion-column-wrapper fusion-column-has-shadow fusion-flex-column-wrapper-legacy\"><div class=\"fusion-text fusion-text-8\"><h2 style=\"text-align: center;\">Psych.\u00a0 Psychotherapeuten (<a href=\"http:\/\/www.bptk.de\">www.bptk.de<\/a> oder Koordinationsstelle Tel.: 0921 &#8211; 787765-40410)<\/h2>\n<\/div><div class=\"fusion-clearfix\"><\/div><\/div><\/div><div class=\"fusion-layout-column fusion_builder_column fusion-builder-column-8 fusion_builder_column_1_3 1_3 fusion-one-third fusion-column-last\" style=\"--awb-bg-size:cover;width:33.333333333333%;width:calc(33.333333333333% - ( ( 4% + 4% ) * 0.33333333333333 ) );\"><div class=\"fusion-column-wrapper fusion-column-has-shadow fusion-flex-column-wrapper-legacy\"><div class=\"fusion-text fusion-text-9\"><h2 style=\"text-align: center;\">Krisendienst Psychiatrie:<br \/>\nTel.: 0180 &#8211; 6553000<br \/>\n\u00c4rztl. Bereitschaftsdienst:<br \/>\nTel: 116117<\/h2>\n<\/div><div class=\"fusion-clearfix\"><\/div><\/div><\/div><\/div><\/div><div class=\"fusion-fullwidth fullwidth-box fusion-builder-row-4 nonhundred-percent-fullwidth non-hundred-percent-height-scrolling\" style=\"--awb-border-radius-top-left:0px;--awb-border-radius-top-right:0px;--awb-border-radius-bottom-right:0px;--awb-border-radius-bottom-left:0px;\" ><div class=\"fusion-builder-row fusion-row\"><div class=\"fusion-layout-column fusion_builder_column fusion-builder-column-9 fusion_builder_column_1_1 1_1 fusion-one-full fusion-column-first fusion-column-last\" style=\"--awb-bg-size:cover;--awb-margin-bottom:0px;\"><div class=\"fusion-column-wrapper fusion-flex-column-wrapper-legacy\"><div class=\"fusion-text fusion-text-10\"><h1>Internetseiten und Telefonnummern<\/h1>\n<\/div><div class=\"fusion-sep-clear\"><\/div><div class=\"fusion-separator fusion-clearfix\" style=\"float:left;margin-top:0px;margin-bottom:35px;width:100%;max-width:170px;\"><div class=\"fusion-separator-border sep-single sep-solid\" style=\"border-color:#6abf16;border-top-width:3px;\"><\/div><\/div><div class=\"fusion-sep-clear\"><\/div><div class=\"fusion-text fusion-text-11\"><h5 style=\"text-align: center;\"><span style=\"color: #ff0000;\">Bitte beachten Sie, dass die Links Webseiten \u00f6ffnen, f\u00fcr deren Inhalt wir nicht verantwortlich sind und auf die unsere Datenschutzbestimmungen keine Anwendung finden.<\/span><\/h5>\n<\/div><div class=\"fusion-clearfix\"><\/div><\/div><\/div><div class=\"fusion-layout-column fusion_builder_column fusion-builder-column-10 fusion_builder_column_1_1 1_1 fusion-one-full fusion-column-first fusion-column-last\" style=\"--awb-bg-size:cover;\"><div class=\"fusion-column-wrapper fusion-column-has-shadow fusion-flex-column-wrapper-legacy\"><div class=\"fusion-text fusion-text-12\"><ul>\n<li>\n<h2>Download: <a href=\"https:\/\/gms-griesbach.de\/wp-content\/uploads\/2020\/04\/Hilfen-bei-h\u00e4uslicher-Gewalt-\u00dcberblick.pdf\">Hilfen bei h\u00e4uslicher Gewalt &#8211; \u00dcberblick<\/a><\/h2>\n<\/li>\n<li>\n<h2>Download: <a href=\"https:\/\/gms-griesbach.de\/wp-content\/uploads\/2020\/04\/Flyer-Frei-leben-ohne-Gewalt-.pdf\">Flyer Frei leben ohne Gewalt<\/a><\/h2>\n<\/li>\n<\/ul>\n<\/div><div class=\"fusion-text fusion-text-13\"><ul>\n<li>\n<h2>\u201eNummer gegen Kummer\u201c: 116111 (anonym und kostenfrei; auch Onlineberatung)<\/h2>\n<\/li>\n<\/ul>\n<\/div><div class=\"fusion-clearfix\"><\/div><\/div><\/div><div class=\"fusion-layout-column fusion_builder_column fusion-builder-column-11 fusion_builder_column_1_1 1_1 fusion-one-full fusion-column-first fusion-column-last\" style=\"--awb-bg-size:cover;\"><div class=\"fusion-column-wrapper fusion-column-has-shadow fusion-flex-column-wrapper-legacy\"><div class=\"fusion-text fusion-text-14\"><ul>\n<li>\n<h2>\u201eFIDEO\u201c (Fighting depression online): <a href=\"http:\/\/www.fideo.de\">fideo.de<\/a> (u.a. Forum zum Austausch, Selbsttest, Wissen \u00fcber Depressionen)<\/h2>\n<\/li>\n<\/ul>\n<\/div><div class=\"fusion-clearfix\"><\/div><\/div><\/div><div class=\"fusion-layout-column fusion_builder_column fusion-builder-column-12 fusion_builder_column_1_1 1_1 fusion-one-full fusion-column-first fusion-column-last\" style=\"--awb-bg-size:cover;\"><div class=\"fusion-column-wrapper fusion-column-has-shadow fusion-flex-column-wrapper-legacy\"><div class=\"fusion-text fusion-text-15\"><ul>\n<li>\n<h2>\u201eStiftung Deutsche Depressionshilfe\u201c: <a href=\"http:\/\/www.deutsche-depressionshilfe.de\">deutsche-depressionshilfe.de<\/a> (u.a. Infotelefon 0800 &#8211; 3344533, Online-Foren, Suche nach Hilfsangeboten i.d. jeweiligen Region)<\/h2>\n<\/li>\n<\/ul>\n<\/div><div class=\"fusion-clearfix\"><\/div><\/div><\/div><div class=\"fusion-layout-column fusion_builder_column fusion-builder-column-13 fusion_builder_column_1_1 1_1 fusion-one-full fusion-column-first fusion-column-last\" style=\"--awb-bg-size:cover;\"><div class=\"fusion-column-wrapper fusion-column-has-shadow fusion-flex-column-wrapper-legacy\"><div class=\"fusion-text fusion-text-16\"><ul>\n<li>\n<h2>\u201eNAKOS\u201c (Nationale Kontakt- und Informationsstelle zur Anregung und Unterst\u00fctzung von Selbsthilfegruppen): Hilfe bei der Suche nach Selbsthilfegruppen<\/h2>\n<\/li>\n<\/ul>\n<\/div><div class=\"fusion-clearfix\"><\/div><\/div><\/div><div class=\"fusion-layout-column fusion_builder_column fusion-builder-column-14 fusion_builder_column_1_1 1_1 fusion-one-full fusion-column-first fusion-column-last\" style=\"--awb-bg-size:cover;\"><div class=\"fusion-column-wrapper fusion-column-has-shadow fusion-flex-column-wrapper-legacy\"><div class=\"fusion-text fusion-text-17\"><ul>\n<li>\n<h2>U25 Freiburg: <a href=\"http:\/\/www.u25-freiburg.de\">u25-freiburg.de<\/a> (anonyme Mailberatung bei Krisen und Suizidgedanken)<\/h2>\n<\/li>\n<\/ul>\n<\/div><div class=\"fusion-clearfix\"><\/div><\/div><\/div><div class=\"fusion-layout-column fusion_builder_column fusion-builder-column-15 fusion_builder_column_1_1 1_1 fusion-one-full fusion-column-first fusion-column-last\" style=\"--awb-bg-size:cover;\"><div class=\"fusion-column-wrapper fusion-column-has-shadow fusion-flex-column-wrapper-legacy\"><div class=\"fusion-text fusion-text-18\"><ul>\n<li>\n<h2><strong>Telefonseelsorge: <\/strong>0800 &#8211; 1110111 oder 0800 &#8211; 1110222<\/h2>\n<\/li>\n<\/ul>\n<\/div><div class=\"fusion-clearfix\"><\/div><\/div><\/div><div class=\"fusion-layout-column fusion_builder_column fusion-builder-column-16 fusion_builder_column_1_1 1_1 fusion-one-full fusion-column-first fusion-column-last\" style=\"--awb-bg-size:cover;\"><div class=\"fusion-column-wrapper fusion-column-has-shadow fusion-flex-column-wrapper-legacy\"><div class=\"fusion-text fusion-text-19\"><ul>\n<li>\n<h2><strong>Bundeskonferenz f\u00fcr Erziehungsberatung:<\/strong> bke-Onlineberatung (<a href=\"https:\/\/www.bke.de\">https:\/\/www.bke.de<\/a> )<\/h2>\n<\/li>\n<\/ul>\n<\/div><div class=\"fusion-clearfix\"><\/div><\/div><\/div><\/div><\/div><\/p>\n","protected":false},"excerpt":{"rendered":"","protected":false},"author":1,"featured_media":0,"parent":0,"menu_order":0,"comment_status":"closed","ping_status":"closed","template":"","meta":{"footnotes":""},"class_list":["post-3809","page","type-page","status-publish","hentry"],"_links":{"self":[{"href":"https:\/\/gms-griesbach.de\/index.php?rest_route=\/wp\/v2\/pages\/3809","targetHints":{"allow":["GET"]}}],"collection":[{"href":"https:\/\/gms-griesbach.de\/index.php?rest_route=\/wp\/v2\/pages"}],"about":[{"href":"https:\/\/gms-griesbach.de\/index.php?rest_route=\/wp\/v2\/types\/page"}],"author":[{"embeddable":true,"href":"https:\/\/gms-griesbach.de\/index.php?rest_route=\/wp\/v2\/users\/1"}],"replies":[{"embeddable":true,"href":"https:\/\/gms-griesbach.de\/index.php?rest_route=%2Fwp%2Fv2%2Fcomments&post=3809"}],"version-history":[{"count":19,"href":"https:\/\/gms-griesbach.de\/index.php?rest_route=\/wp\/v2\/pages\/3809\/revisions"}],"predecessor-version":[{"id":5994,"href":"https:\/\/gms-griesbach.de\/index.php?rest_route=\/wp\/v2\/pages\/3809\/revisions\/5994"}],"wp:attachment":[{"href":"https:\/\/gms-griesbach.de\/index.php?rest_route=%2Fwp%2Fv2%2Fmedia&parent=3809"}],"curies":[{"name":"wp","href":"https:\/\/api.w.org\/{rel}","templated":true}]}}